{"id":2452,"date":"2025-06-10T09:57:43","date_gmt":"2025-06-10T16:57:43","guid":{"rendered":"https:\/\/jointechlabs.com\/?post_type=events&#038;p=2452"},"modified":"2025-06-30T14:34:19","modified_gmt":"2025-06-30T21:34:19","slug":"jointechlabs-is-coming-to-swiss-medtech-day-2025","status":"publish","type":"events","link":"https:\/\/jointechlabs.com\/de\/events\/jointechlabs-is-coming-to-swiss-medtech-day-2025\/","title":{"rendered":"Jointechlabs war am Swiss MedTech Day 2025!"},"content":{"rendered":"<figure class=\"wp-block-image size-large\"><img loading=\"lazy\" decoding=\"async\" width=\"1024\" height=\"576\" src=\"https:\/\/jointechlabs.com\/wp-content\/uploads\/2025\/06\/First-Commercial-Use-of-Jointechlabs-Mini-Stem-System-in-Italy-Greece-and-Cyprus-9-1024x576.png\" alt=\"\" class=\"wp-image-2450\" srcset=\"https:\/\/jointechlabs.com\/wp-content\/uploads\/2025\/06\/First-Commercial-Use-of-Jointechlabs-Mini-Stem-System-in-Italy-Greece-and-Cyprus-9-1024x576.png 1024w, https:\/\/jointechlabs.com\/wp-content\/uploads\/2025\/06\/First-Commercial-Use-of-Jointechlabs-Mini-Stem-System-in-Italy-Greece-and-Cyprus-9-300x169.png 300w, https:\/\/jointechlabs.com\/wp-content\/uploads\/2025\/06\/First-Commercial-Use-of-Jointechlabs-Mini-Stem-System-in-Italy-Greece-and-Cyprus-9-768x432.png 768w, https:\/\/jointechlabs.com\/wp-content\/uploads\/2025\/06\/First-Commercial-Use-of-Jointechlabs-Mini-Stem-System-in-Italy-Greece-and-Cyprus-9-1536x864.png 1536w, https:\/\/jointechlabs.com\/wp-content\/uploads\/2025\/06\/First-Commercial-Use-of-Jointechlabs-Mini-Stem-System-in-Italy-Greece-and-Cyprus-9-18x10.png 18w, https:\/\/jointechlabs.com\/wp-content\/uploads\/2025\/06\/First-Commercial-Use-of-Jointechlabs-Mini-Stem-System-in-Italy-Greece-and-Cyprus-9.png 1920w\" sizes=\"auto, (max-width: 1024px) 100vw, 1024px\" \/><\/figure>\n\n\n\n<p>Wir freuen uns, bekannt geben zu k\u00f6nnen, dass Jointechlabs am Swiss MedTech Day 2025 teilgenommen hat, der f\u00fchrenden Plattform f\u00fcr Innovationen in der Medizintechnik in der Schweiz.<\/p>\n\n\n\n<p>Dieses Jahr pr\u00e4sentierten wir stolz unser Mini-Stem System\u00ae, eine tragbare Point-of-Care-L\u00f6sung, die Fettgewebe effizient und sicher in Mikrofett in klinischer Qualit\u00e4t umwandelt. Mit unserem Labor in der Hand ebnen wir den Weg f\u00fcr die regenerative Medizin und machen die Microfat\u00ae-Therapie in der Schweiz nicht nur zug\u00e4nglich, sondern auch sozialvertr\u00e4glich.<\/p>\n\n\n\n<p>Mehr Informationen: <a href=\"https:\/\/www.swiss-medtech.ch\/en\/swissmedtechday\">Schweizer Medtech-Tag 2025 | Swiss Medtech<\/a><\/p>","protected":false},"featured_media":2451,"template":"","class_list":["post-2452","events","type-events","status-publish","has-post-thumbnail","hentry"],"acf":[],"yoast_head":"<!-- This site is optimized with the Yoast SEO Premium plugin v27.4 (Yoast SEO v27.4) - https:\/\/yoast.com\/product\/yoast-seo-premium-wordpress\/ -->\n<title>Jointechlabs was at Swiss MedTech Day 2025! - Jointechlabs, Inc<\/title>\n<meta name=\"robots\" content=\"index, follow, max-snippet:-1, max-image-preview:large, max-video-preview:-1\" \/>\n<link rel=\"canonical\" href=\"https:\/\/jointechlabs.com\/de\/events\/jointechlabs-is-coming-to-swiss-medtech-day-2025\/\" \/>\n<meta property=\"og:locale\" content=\"de_DE\" \/>\n<meta property=\"og:type\" content=\"article\" \/>\n<meta property=\"og:title\" content=\"Jointechlabs was at Swiss MedTech Day 2025!\" \/>\n<meta property=\"og:description\" content=\"We\u2019re thrilled to announce that Jointechlabs participated in Swiss MedTech Day 2025, Switzerland\u2019s leading platform for innovation in medical technology. This year, we proudly showcased our Mini-Stem System\u00ae, a portable, point-of-care solution that efficiently and safely transforms adipose tissue into clinical-grade Microfat. With our in-hand laboratory, we are paving the way for regenerative medicine and [&hellip;]\" \/>\n<meta property=\"og:url\" content=\"https:\/\/jointechlabs.com\/de\/events\/jointechlabs-is-coming-to-swiss-medtech-day-2025\/\" \/>\n<meta property=\"og:site_name\" content=\"Jointechlabs, Inc\" \/>\n<meta property=\"article:modified_time\" content=\"2025-06-30T21:34:19+00:00\" \/>\n<meta property=\"og:image\" content=\"https:\/\/jointechlabs.com\/wp-content\/uploads\/2025\/06\/EDI-48-e1749574438358.png\" \/>\n\t<meta property=\"og:image:width\" content=\"1024\" \/>\n\t<meta property=\"og:image:height\" content=\"1024\" \/>\n\t<meta property=\"og:image:type\" content=\"image\/png\" \/>\n<meta name=\"twitter:card\" content=\"summary_large_image\" \/>\n<meta name=\"twitter:label1\" content=\"Est. reading time\" \/>\n\t<meta name=\"twitter:data1\" content=\"1 Minute\" \/>\n<script type=\"application\/ld+json\" class=\"yoast-schema-graph\">{\"@context\":\"https:\\\/\\\/schema.org\",\"@graph\":[{\"@type\":\"WebPage\",\"@id\":\"https:\\\/\\\/jointechlabs.com\\\/events\\\/jointechlabs-is-coming-to-swiss-medtech-day-2025\\\/\",\"url\":\"https:\\\/\\\/jointechlabs.com\\\/events\\\/jointechlabs-is-coming-to-swiss-medtech-day-2025\\\/\",\"name\":\"Jointechlabs was at Swiss MedTech Day 2025! - Jointechlabs, Inc\",\"isPartOf\":{\"@id\":\"https:\\\/\\\/jointechlabs.com\\\/#website\"},\"primaryImageOfPage\":{\"@id\":\"https:\\\/\\\/jointechlabs.com\\\/events\\\/jointechlabs-is-coming-to-swiss-medtech-day-2025\\\/#primaryimage\"},\"image\":{\"@id\":\"https:\\\/\\\/jointechlabs.com\\\/events\\\/jointechlabs-is-coming-to-swiss-medtech-day-2025\\\/#primaryimage\"},\"thumbnailUrl\":\"https:\\\/\\\/jointechlabs.com\\\/wp-content\\\/uploads\\\/2025\\\/06\\\/EDI-48-e1749574438358.png\",\"datePublished\":\"2025-06-10T16:57:43+00:00\",\"dateModified\":\"2025-06-30T21:34:19+00:00\",\"breadcrumb\":{\"@id\":\"https:\\\/\\\/jointechlabs.com\\\/events\\\/jointechlabs-is-coming-to-swiss-medtech-day-2025\\\/#breadcrumb\"},\"inLanguage\":\"de-DE\",\"potentialAction\":[{\"@type\":\"ReadAction\",\"target\":[\"https:\\\/\\\/jointechlabs.com\\\/events\\\/jointechlabs-is-coming-to-swiss-medtech-day-2025\\\/\"]}]},{\"@type\":\"ImageObject\",\"inLanguage\":\"de-DE\",\"@id\":\"https:\\\/\\\/jointechlabs.com\\\/events\\\/jointechlabs-is-coming-to-swiss-medtech-day-2025\\\/#primaryimage\",\"url\":\"https:\\\/\\\/jointechlabs.com\\\/wp-content\\\/uploads\\\/2025\\\/06\\\/EDI-48-e1749574438358.png\",\"contentUrl\":\"https:\\\/\\\/jointechlabs.com\\\/wp-content\\\/uploads\\\/2025\\\/06\\\/EDI-48-e1749574438358.png\",\"width\":1024,\"height\":1024},{\"@type\":\"BreadcrumbList\",\"@id\":\"https:\\\/\\\/jointechlabs.com\\\/events\\\/jointechlabs-is-coming-to-swiss-medtech-day-2025\\\/#breadcrumb\",\"itemListElement\":[{\"@type\":\"ListItem\",\"position\":1,\"name\":\"Home\",\"item\":\"https:\\\/\\\/jointechlabs.com\\\/\"},{\"@type\":\"ListItem\",\"position\":2,\"name\":\"Events\",\"item\":\"https:\\\/\\\/jointechlabs.com\\\/events\\\/\"},{\"@type\":\"ListItem\",\"position\":3,\"name\":\"Jointechlabs was at Swiss MedTech Day 2025!\"}]},{\"@type\":\"WebSite\",\"@id\":\"https:\\\/\\\/jointechlabs.com\\\/#website\",\"url\":\"https:\\\/\\\/jointechlabs.com\\\/\",\"name\":\"Jointechlabs, Inc\",\"description\":\"Brilliant technology for Microfat\",\"publisher\":{\"@id\":\"https:\\\/\\\/jointechlabs.com\\\/#organization\"},\"potentialAction\":[{\"@type\":\"SearchAction\",\"target\":{\"@type\":\"EntryPoint\",\"urlTemplate\":\"https:\\\/\\\/jointechlabs.com\\\/?s={search_term_string}\"},\"query-input\":{\"@type\":\"PropertyValueSpecification\",\"valueRequired\":true,\"valueName\":\"search_term_string\"}}],\"inLanguage\":\"de-DE\"},{\"@type\":\"Organization\",\"@id\":\"https:\\\/\\\/jointechlabs.com\\\/#organization\",\"name\":\"Jointechlabs, Inc\",\"url\":\"https:\\\/\\\/jointechlabs.com\\\/\",\"logo\":{\"@type\":\"ImageObject\",\"inLanguage\":\"de-DE\",\"@id\":\"https:\\\/\\\/jointechlabs.com\\\/#\\\/schema\\\/logo\\\/image\\\/\",\"url\":\"https:\\\/\\\/jointechlabs.com\\\/wp-content\\\/uploads\\\/2022\\\/07\\\/jointechlabs-logo-tm.png\",\"contentUrl\":\"https:\\\/\\\/jointechlabs.com\\\/wp-content\\\/uploads\\\/2022\\\/07\\\/jointechlabs-logo-tm.png\",\"width\":250,\"height\":36,\"caption\":\"Jointechlabs, Inc\"},\"image\":{\"@id\":\"https:\\\/\\\/jointechlabs.com\\\/#\\\/schema\\\/logo\\\/image\\\/\"}}]}<\/script>\n<!-- \/ Yoast SEO Premium plugin. -->","yoast_head_json":{"title":"Jointechlabs war am Swiss MedTech Day 2025! - Jointechlabs, Inc.","robots":{"index":"index","follow":"follow","max-snippet":"max-snippet:-1","max-image-preview":"max-image-preview:large","max-video-preview":"max-video-preview:-1"},"canonical":"https:\/\/jointechlabs.com\/de\/events\/jointechlabs-is-coming-to-swiss-medtech-day-2025\/","og_locale":"de_DE","og_type":"article","og_title":"Jointechlabs was at Swiss MedTech Day 2025!","og_description":"We\u2019re thrilled to announce that Jointechlabs participated in Swiss MedTech Day 2025, Switzerland\u2019s leading platform for innovation in medical technology. This year, we proudly showcased our Mini-Stem System\u00ae, a portable, point-of-care solution that efficiently and safely transforms adipose tissue into clinical-grade Microfat. With our in-hand laboratory, we are paving the way for regenerative medicine and [&hellip;]","og_url":"https:\/\/jointechlabs.com\/de\/events\/jointechlabs-is-coming-to-swiss-medtech-day-2025\/","og_site_name":"Jointechlabs, Inc","article_modified_time":"2025-06-30T21:34:19+00:00","og_image":[{"width":1024,"height":1024,"url":"https:\/\/jointechlabs.com\/wp-content\/uploads\/2025\/06\/EDI-48-e1749574438358.png","type":"image\/png"}],"twitter_card":"summary_large_image","twitter_misc":{"Est. reading time":"1 Minute"},"schema":{"@context":"https:\/\/schema.org","@graph":[{"@type":"WebPage","@id":"https:\/\/jointechlabs.com\/events\/jointechlabs-is-coming-to-swiss-medtech-day-2025\/","url":"https:\/\/jointechlabs.com\/events\/jointechlabs-is-coming-to-swiss-medtech-day-2025\/","name":"Jointechlabs war am Swiss MedTech Day 2025! - Jointechlabs, Inc.","isPartOf":{"@id":"https:\/\/jointechlabs.com\/#website"},"primaryImageOfPage":{"@id":"https:\/\/jointechlabs.com\/events\/jointechlabs-is-coming-to-swiss-medtech-day-2025\/#primaryimage"},"image":{"@id":"https:\/\/jointechlabs.com\/events\/jointechlabs-is-coming-to-swiss-medtech-day-2025\/#primaryimage"},"thumbnailUrl":"https:\/\/jointechlabs.com\/wp-content\/uploads\/2025\/06\/EDI-48-e1749574438358.png","datePublished":"2025-06-10T16:57:43+00:00","dateModified":"2025-06-30T21:34:19+00:00","breadcrumb":{"@id":"https:\/\/jointechlabs.com\/events\/jointechlabs-is-coming-to-swiss-medtech-day-2025\/#breadcrumb"},"inLanguage":"de-DE","potentialAction":[{"@type":"ReadAction","target":["https:\/\/jointechlabs.com\/events\/jointechlabs-is-coming-to-swiss-medtech-day-2025\/"]}]},{"@type":"ImageObject","inLanguage":"de-DE","@id":"https:\/\/jointechlabs.com\/events\/jointechlabs-is-coming-to-swiss-medtech-day-2025\/#primaryimage","url":"https:\/\/jointechlabs.com\/wp-content\/uploads\/2025\/06\/EDI-48-e1749574438358.png","contentUrl":"https:\/\/jointechlabs.com\/wp-content\/uploads\/2025\/06\/EDI-48-e1749574438358.png","width":1024,"height":1024},{"@type":"BreadcrumbList","@id":"https:\/\/jointechlabs.com\/events\/jointechlabs-is-coming-to-swiss-medtech-day-2025\/#breadcrumb","itemListElement":[{"@type":"ListItem","position":1,"name":"Home","item":"https:\/\/jointechlabs.com\/"},{"@type":"ListItem","position":2,"name":"Events","item":"https:\/\/jointechlabs.com\/events\/"},{"@type":"ListItem","position":3,"name":"Jointechlabs was at Swiss MedTech Day 2025!"}]},{"@type":"WebSite","@id":"https:\/\/jointechlabs.com\/#website","url":"https:\/\/jointechlabs.com\/","name":"Jointechlabs, Inc.","description":"Brillante Technologie f\u00fcr Microfat","publisher":{"@id":"https:\/\/jointechlabs.com\/#organization"},"potentialAction":[{"@type":"SearchAction","target":{"@type":"EntryPoint","urlTemplate":"https:\/\/jointechlabs.com\/?s={search_term_string}"},"query-input":{"@type":"PropertyValueSpecification","valueRequired":true,"valueName":"search_term_string"}}],"inLanguage":"de-DE"},{"@type":"Organization","@id":"https:\/\/jointechlabs.com\/#organization","name":"Jointechlabs, Inc.","url":"https:\/\/jointechlabs.com\/","logo":{"@type":"ImageObject","inLanguage":"de-DE","@id":"https:\/\/jointechlabs.com\/#\/schema\/logo\/image\/","url":"https:\/\/jointechlabs.com\/wp-content\/uploads\/2022\/07\/jointechlabs-logo-tm.png","contentUrl":"https:\/\/jointechlabs.com\/wp-content\/uploads\/2022\/07\/jointechlabs-logo-tm.png","width":250,"height":36,"caption":"Jointechlabs, Inc"},"image":{"@id":"https:\/\/jointechlabs.com\/#\/schema\/logo\/image\/"}}]}},"_links":{"self":[{"href":"https:\/\/jointechlabs.com\/de\/wp-json\/wp\/v2\/events\/2452","targetHints":{"allow":["GET"]}}],"collection":[{"href":"https:\/\/jointechlabs.com\/de\/wp-json\/wp\/v2\/events"}],"about":[{"href":"https:\/\/jointechlabs.com\/de\/wp-json\/wp\/v2\/types\/events"}],"wp:featuredmedia":[{"embeddable":true,"href":"https:\/\/jointechlabs.com\/de\/wp-json\/wp\/v2\/media\/2451"}],"wp:attachment":[{"href":"https:\/\/jointechlabs.com\/de\/wp-json\/wp\/v2\/media?parent=2452"}],"curies":[{"name":"wp","href":"https:\/\/api.w.org\/{rel}","templated":true}]}}

<figure class="wp-block-image size-large"><img loading="lazy" decoding="async" width="1024" height="576" src="https://jointechlabs.com/wp-content/uploads/2025/06/First-Commercial-Use-of-Jointechlabs-Mini-Stem-System-in-Italy-Greece-and-Cyprus-9-1024x576.png" alt="" class="wp-image-2450" srcset="https://jointechlabs.com/wp-content/uploads/2025/06/First-Commercial-Use-of-Jointechlabs-Mini-Stem-System-in-Italy-Greece-and-Cyprus-9-1024x576.png 1024w, https://jointechlabs.com/wp-content/uploads/2025/06/First-Commercial-Use-of-Jointechlabs-Mini-Stem-System-in-Italy-Greece-and-Cyprus-9-300x169.png 300w, https://jointechlabs.com/wp-content/uploads/2025/06/First-Commercial-Use-of-Jointechlabs-Mini-Stem-System-in-Italy-Greece-and-Cyprus-9-768x432.png 768w, https://jointechlabs.com/wp-content/uploads/2025/06/First-Commercial-Use-of-Jointechlabs-Mini-Stem-System-in-Italy-Greece-and-Cyprus-9-1536x864.png 1536w, https://jointechlabs.com/wp-content/uploads/2025/06/First-Commercial-Use-of-Jointechlabs-Mini-Stem-System-in-Italy-Greece-and-Cyprus-9-18x10.png 18w, https://jointechlabs.com/wp-content/uploads/2025/06/First-Commercial-Use-of-Jointechlabs-Mini-Stem-System-in-Italy-Greece-and-Cyprus-9.png 1920w" sizes="auto, (max-width: 1024px) 100vw, 1024px" /></figure>



<p>Wir freuen uns, bekannt geben zu können, dass Jointechlabs am Swiss MedTech Day 2025 teilgenommen hat, der führenden Plattform für Innovationen in der Medizintechnik in der Schweiz.</p>



<p>Dieses Jahr präsentierten wir stolz unser Mini-Stem System®, eine tragbare Point-of-Care-Lösung, die Fettgewebe effizient und sicher in Mikrofett in klinischer Qualität umwandelt. Mit unserem Labor in der Hand ebnen wir den Weg für die regenerative Medizin und machen die Microfat®-Therapie in der Schweiz nicht nur zugänglich, sondern auch sozialverträglich.</p>



<p>Mehr Informationen: <a href="https://www.swiss-medtech.ch/en/swissmedtechday">Schweizer Medtech-Tag 2025 | Swiss Medtech</a></p>

Brillante Technologie für Microfat
